+ (20 - (7 + 45))?
34
Calculate (-8 - -12) + (-582 - -635).
57
Evaluate -16 + 16 + -16 + (8 - -2) + 6.
0
Evaluate (2 + -3 - 4 - (12 - 26)) + -12 + 3.
0
Evaluate 6 - -1 - (-4 - (-18 + 6 + -2)).
-3
What is the value of -30 + (46 - (23 + -28))?
21
What is the value of 2 - 25 - (31 - (-5 + 23 + 16))?
-20
Calculate 24 - 27 - -8 - (-20 + (-3 - 1)).
29
What is the value of -4 - 49 - (-40 + 25 + 0 + 22)?
-60
What is the value of (307 - 306 - (13 + 0) - -26) + 19?
33
Evaluate 59 - 5 - 3 - ((-28 - -20) + 1).
58
Calculate -58 - (-1 - 0) - (-45 + 25).
-37
What is the value of 7 + (-14 - -17 - (-35 - -1))?
44
Calculate (6936 - 6887) + (29 - (1 + -1)).
78
Evaluate (13 + (26 - 23) + -1 - 4) + -32.
-21
What is -55 + -2 + (1 + -15 - -14) - -8?
-49
-70 + 146 - (-317 - -295)
98
(-35 + 26 - (-7 + 2) - (-6 - -127)) + -3
-128
What is 0 - -31 - (9 - 4 - -1 - (9 + -3))?
31
Evaluate -34 - (-12 + 15) - -72 - 6.
29
1 + 53 - ((0 - (-8 - -26)) + 19) - -1
54
Evaluate 19 - (14 - (-7 - -12)) - (-10 + -77).
97
Evaluate -85 + (112 - -11) + -146.
-108
Evaluate 31 - (27 + -27 + 56 - -25).
-50
(12 - (83 - 35)) + 5
-31
What is (-10 - (-1 - ((2 - (8 - 2)) + -4))) + -11?
-28
Evaluate -57 + 54 + -42 + 2 - (9 + -1 - 14).
-37
Calculate (-40 + (-9 - -32) - 19) + 135.
99
Evaluate (25 - -2) + (12 - 35) + -117 + -2.
-115
Calculate -3 + 58 + 277 + -272.
60
Calculate -2 + 11 + (-15 - (0 - -8 - -10)).
-24
What is -1 + 118 + (7694 - 7759)?
52
Evaluate (2 - 13) + 58 - (16 - 33).
64
What is the value of (31 - 0) + (-1522 - -1463)?
-28
23 + ((1 - 0) + -40 - -19)
3
What is (55 - 47) + -18 + 1 - (-38 - (-12 + 3))?
20
Evaluate (-41 - -92) + 15 + 20.
86
What is the value of -5 - -12 - -5 - (-1 + -3 + 7)?
9
Calculate -6 + -16 + -10 + 35 + 71.
74
What is the value of -24 - (-183 + 186) - (0 - 10 - -1)?
-18
What is (10 - (-7 + 6)) + 51 + -59 - (0 - 81)?
84
-6 + -4 - (4 + 15 - 33 - (-12 - -3))
-5
Calculate -20 + (8 - (8 - -9)) + 9.
-20
What is -63 + 12 + (49 - (25 + -8))?
-19
(-1081 - -1044) + 25 + -5
-17
Evaluate -10 - -130 - ((11 - (3 + -2)) + -4 - 3).
117
What is the value of -18 + 7 - -17 - (16 + -14 - -16)?
-12
Evaluate -8977 - -8973 - (0 + 2 - (1 - -84)).
79
What is -13 + -12 + 13 + (-5 - -170) - (-20 - -32)?
141
Evaluate -26 - (-12 - (-6 + 5)) - (10 - 18 - 20).
13
Evaluate (41 + -18 - 33 - 24) + -11 + 0.
-45
Evaluate -21 - -13 - (-3 + (-1 - 7 - -7)) - -40.
36
Calculate 15 + (-8 - 2) - (-30 + 21).
14
What is 0 + 28 - (49 + -15 + -20 + 0 + -5)?
19
What is the value of 53 + (22 - 6) + -9 + -1 + -15?
44
-2 - 2 - (-4 - (44 + -23)) - -7
28
What is -138 + 45 + 107 + 18?
32
What is the value of (-26 - (8 - (-9 - (4 + -18)))) + -17?
-46
-3 - ((103 - 97) + 0 + -32)
23
What is the value of (-132 - -229 - 110) + (106 - 1)?
92
Calculate -395 + 331 - (-9 + -109).
54
-1 - -15 - (194 - (-15 + 139))
-56
What is 33 + (28 - -7 - 36) + -30?
2
-2813 + 2794 - (1 + 24)
-44
Evaluate 12 + -45 + (-38 + 28 - -5).
-38
What is (-1085 - -1070) + 56 + -3?
38
What is the value of -4 + 16 - (19 + 7 + 9 + 9)?
-32
Calculate -28 + -15 + -13 + 97.
41
Evaluate (-556 - -555) + (7 + 27 - -1).
34
What is (-62 - (-17 + -5)) + 25 + 89?
74
What is 3 - ((87 - 25) + (-6 - (8 - 11)))?
-56
What is (-22 - ((-8 - 1) + 10)) + (3 - 6 - 0)?
-26
Calculate 29 - 20 - (58 - 24).
-25
What is 28 - ((-1 - (-4 + (4 - 3))) + (88 - 97))?
35
What is the value of 476 + -469 - (6 - (-2 + 91))?
90
49 - (29 + (3 - 22) + 8)
31
Calculate -9 + 2 + -30 + (-32 - -16 - -23).
-30
-51 - 5 - (-14 + (13 + -8 - -9) + -8)
-48
What is 8 + 3 + -5 - (-1837 + 1805)?
38
What is the value of 2 + (-22 - (-102 - -38))?
44
5 - -5 - (-33 - (7 - (24 + 10)))
16
What is (6561 - 6663) + 1 + 28?
-73
-43 - (-19 + 24) - (3 + -3)
-48
Calculate 41 - (4 + 8 + (-8 - (10 - 9))).
38
What is the value of 3334 + -3313 + (2 - (-18 - -1))?
40
What is 57 + (6 - 51 - 48)?
-36
Calculate -53 - -5 - -4 - (-2 - 11) - 7.
-38
Calculate (-1 - 101 - (26 + -24)) + 2 - -1.
-101
Calculate -76 - ((0 - (13 - (3 - -7 - -2))) + -10).
-65
Evaluate 30 + -59 + 29 + -7 + -24.
-31
What is the value of 24 - (-85 + (27 - 41) + 42)?
81
What is the value of -23 - 51 - (81 - 149)?
-6
Evaluate (4 - 2 - -3) + 327 + -310.
22
Calculate -34 + -17 + 47 - (0 - 4).
0
Calculate (-55 - 3 - (171 + -165)) + 7.
-57
-1 + 1 + 11 - (4 - -2) - (-898 - -792)
111
Calculate -47 - ((43 - 40) + (-7 - -2 - 6) - 0).
-39
3 + 10 + (-2 - -1) - ((30 - -41) + -8)
-51
Calculate 47 + -1218 + 1220 + 1 + (0 - (-1 + 1)).
50
Evaluate -14 + -1 + (-1239 + 1213 - (20 + 0)).
-61
Calculate (-8 - -71 - 5) + (2 - (4 + -18 - -23)).
51
Evaluate -114 - -79 - -32 - -85.
82
Evaluate ((-1 - 1) + 1 - 1) + 61 - (2384 - 2378).
53
Evaluate (-13 - 8) + 51 + 8.
38
(0 - 6 - (68 + -76)) + (79 - -1 - 8)
74
Calculate 21 + -38 - -9 - ((7 - 23) + (5 - -3)).
0
What is (43 - 164) + 15 + (-32 - -13)?
-125
Calculate 79 - (-6 + (10 - (3 + (1 - 2 - -2)))).
79
(-10 - 2 - (-131 - -138)) + -20
-39
Calculate -10 - (33 + (-65 - -41)).
-19
(2 + -89 - (-1392 + 1368)) + -41
-104
10 + -1 + -4 + -26 - (299 + -325)
5
-43 - (-66 + 39 + 16 - (-18 + (1 - 0)))
-49
What is the value of 2 + 3 + -2 - (26 - (11 + 58))?
46
(-3 - 52) + -7 + (-18 - -37)
-43
Evaluate 11 + 79 + -24 + -33.
33
Calculate -12 - (22 + -11 - 91 - -25).
43
What is the value of -14 + 24 - -1 - -88?
99
What is 10 + 37 + -52 - (-1 + 15)?
-19
What is (22 - (10 + 12 - 13) - (3 + 23)) + -59?
-72
(13 - (8 + (-16 - -15))) + (3 - 28)
-19
Evaluate (11 - (52 - -7 - 4)) + (-1 - -1) + -9.
-53
Calculate 198 + -162 + (-5 - (6 + -45)).
70
What is the value of 9356 + -9339 - (0 + 1 - -50)?
-34
Calculate 6 - (-1 + 43 + 136 + -149).
-23
What is the value of 104 - (210 + (-85 - 22))?
1
What is (-22 - -51) + 52 + -18?
63
What is 3 - (62 - (-4 + 10)) - (-73 - -66)?
-46
What is -39 - (-30 - (-28 + 30))?
-7
Calculate -115 + 42 - -6 - 11.
-78
What is the value of -565 - -605 - (42 + 4)?
-6
(26 - 30) + 2 + (6 - 0) - (-31 - -2)
33
What is 68 - (-38 - (-72 - -36) - (-2 + 4 + 10))?
82
Evaluate (-210 - -234 - (-3 - 2)) + 23.
52
What is the value of -75 - -17 - ((-22 - -15) + -10)?
-41
Calculate -37 - (6 - 96) - 96.
-43
What is the value of -25 + -5 + 48 + -60?
-42
Calculate -5 + (5 + -1 - 7) - (-454 + 410).
36
Calculate 23 + 19 + 0 + -83 + (4 - 0).
-37
Evaluate (72 - -4) + (172 - 223).
25
What is the value of (15 - -9) + -4 - 6 - (17 + -21)?
18
What is 11 - (6 + -18 + -5) - 12?
16
Calculate 13 - (-4 - (12 + -24) - 19 - -14).
10
Evaluate -16 + 75 + -37 + (-2 - 41).
-21
What is -275 + (76 - -177) - (-1 - 25)?
4
Evaluate 38 - (-4 - 17 - -21 - (2 + -8)).
32
((0 - 7) + 16 - -22) + -3 - 8
20
Calculate -1 + 15 + (-85 + 90 - (22 + -2) - 85).
-86
What is 93 - (-64 + 13 - -109)?
35
What is 5 + (-25 - -28 - (-2 - (0 - 57)))?
-47
What is the value of -41 + 73 - -24 - 42?
14
What is the value of -1 + 16 - 3 - (6 + 7 + -2)?
1
What is the value of 44 + (4 - 3) + -2 + -5 - -8?
46
What is -18 + 19 + (-35 - 3 - -38)?
1
What is (-10 - (-19 + 18 + -33)) + 12?
36
What is -117 + -16 + 122 + 87?
76
Calculate 0 - (-7 + (-1 - (11 - 2)) + (35 - 17)).
-1
What is the value of 350 - 352 - (2 - (1 + -3 + 0 + -37))?
-43
(-5 + -1 - -1) + -63 + 85 + -64
-47
What is the value of 75 + -1 + 1 - ((-16 - -12 - 21) + 36)?
64
Calculate (-119 - -71 - -32) + (8 + -4 - -21).
9
4 + -2 + -55 + 13 - (-9 - -1)
-32
-3 + 22 - 7 - (2 + 7)
3
What is the value of -23 + (-7 - (7 + -4 + 5))?
-38
(8 - 15) + 16 + 70 + -56
23
Evaluate (49 - 5) + -11 - (-11 + (19 - 11)).
36
What is 83 + -162 + 99 + -53?
-33
Calculate -14 - (30 + -1 + -26) - 33.
-50
Evaluate 6127 - 6211 - (-22 + 1).
-63
What is -756 + 729 - (-72 - -5)?
40
What is (11 - (12 - (0 + (6 - 1)))) + 34 + -4?
34
(69 - 91) + 27 + -19
-14
What is -23 + 34 + 30 + -30 + 12 + 5?
28
Evaluate -188 + 56 + 42 + 56.
-34
What is the value of (95 - (-11 + 53)) + 5?
58
What is the value of 8 - 16 - (-10 + -15 - (-8 - 0))?
9
-91 + ((-23 - -23) + 7 + -18 - -17)
-85
Evaluate (-11 - -84) + -18 + 23 + (17 - 0).
95
What is (0 - (1 + 7)) + (-46 - -85) + -40?
-9
Evaluate 8 - (-32 - -43) - -2.
-1
What is the value of 20 - -8 - (3 + -3)?
28
What is (5 + 56 - 114) + 3?
-50
What is the value of 39 - (93 - (170 - 158))?
-42
What is 321 + -310 - (2 + 1 - -9)?
-1
What is the value of 4 + -43 - (-9 + (5 - (-11 + (-2 - -8))))?
-40
What is (0 - (-20 - -37)) + (-11 - -39) - 15?
-4
(-85 - -63 - -